 20460898?
6
What is the ten millions digit of 2570760769?
7
What is the tens digit of 1362415108?
0
What is the thousands digit of 567777507?
7
What is the hundred thousands digit of 115943599?
9
What is the ten millions digit of 32072238?
3
What is the ten millions digit of 68140877?
6
What is the hundred millions digit of 114751488?
1
What is the millions digit of 90992292?
0
What is the tens digit of 57252983?
8
What is the millions digit of 24996645?
4
What is the tens digit of 120315377?
7
What is the hundred thousands digit of 139327900?
3
What is the tens digit of 94775835?
3
What is the millions digit of 172727786?
2
What is the ten millions digit of 78446777?
7
What is the ten millions digit of 447923646?
4
What is the tens digit of 496931422?
2
What is the tens digit of 162067299?
9
What is the tens digit of 38093448?
4
What is the hundred thousands digit of 111679918?
6
What is the hundreds digit of 79810136?
1
What is the hundreds digit of 1351400?
4
What is the tens digit of 38270070?
7
What is the millions digit of 15315711?
5
What is the tens digit of 105501424?
2
What is the hundreds digit of 119241255?
2
What is the millions digit of 1292779914?
2
What is the ten thousands digit of 31693011?
9
What is the thousands digit of 926857846?
7
What is the ten millions digit of 163988388?
6
What is the ten millions digit of 682125341?
8
What is the ten millions digit of 18283559?
1
What is the tens digit of 1721481704?
0
What is the hundred millions digit of 3926573776?
9
What is the millions digit of 8104287?
8
What is the hundred millions digit of 4293480719?
2
What is the ten thousands digit of 13904194?
0
What is the hundreds digit of 72561061?
0
What is the billions digit of 2481952282?
2
What is the ten thousands digit of 103939137?
3
What is the hundred thousands digit of 363753837?
7
What is the ten thousands digit of 42404518?
0
What is the millions digit of 134745534?
4
What is the units digit of 6310169956?
6
What is the millions digit of 233573170?
3
What is the ten thousands digit of 50676268?
7
What is the units digit of 40609466?
6
What is the hundreds digit of 123173055?
0
What is the ten millions digit of 251532755?
5
What is the ten thousands digit of 66259468?
5
What is the tens digit of 79759026?
2
What is the tens digit of 55675856?
5
What is the hundred thousands digit of 57528773?
5
What is the units digit of 139044844?
4
What is the tens digit of 96020180?
8
What is the tens digit of 3502060007?
0
What is the hundred thousands digit of 2877649480?
6
What is the hundreds digit of 1226213997?
9
What is the millions digit of 893341991?
3
What is the hundred thousands digit of 270039398?
0
What is the hundred millions digit of 628065093?
6
What is the tens digit of 608077368?
6
What is the ten millions digit of 6186416358?
8
What is the tens digit of 31139007?
0
What is the ten thousands digit of 337638041?
3
What is the ten millions digit of 30858916?
3
What is the hundreds digit of 3586436819?
8
What is the millions digit of 38594663?
8
What is the tens digit of 198491115?
1
What is the thousands digit of 37376337?
6
What is the hundred thousands digit of 169779163?
7
What is the thousands digit of 129666088?
6
What is the hundred millions digit of 3706221842?
7
What is the tens digit of 15280997?
9
What is the ten thousands digit of 30135658?
3
What is the millions digit of 27478768?
7
What is the hundred millions digit of 221414503?
2
What is the ten thousands digit of 2224846497?
4
What is the units digit of 498143443?
3
What is the thousands digit of 475896698?
6
What is the thousands digit of 10135808?
5
What is the hundreds digit of 1782218222?
2
What is the ten thousands digit of 1705071450?
7
What is the ten millions digit of 90213729?
9
What is the thousands digit of 1309811049?
1
What is the ten thousands digit of 137619088?
1
What is the ten millions digit of 2464401910?
6
What is the ten millions digit of 7635760106?
3
What is the units digit of 273179643?
3
What is the hundred millions digit of 649877570?
6
What is the thousands digit of 106400433?
0
What is the thousands digit of 7654274?
4
What is the hundreds digit of 73489137?
1
What is the millions digit of 170084119?
0
What is the millions digit of 5511553082?
1
What is the hundred thousands digit of 377366799?
3
What is the millions digit of 727986602?
7
What is the hundred millions digit of 290206151?
2
What is the millions digit of 12656648?
2
What is the ten millions digit of 141414141?
4
What is the hundreds digit of 152650971?
9
What is the hundred millions digit of 5163905420?
1
What is the tens digit of 435557565?
6
What is the hundred millions digit of 2480097385?
4
What is the billions digit of 1062193084?
1
What is the hundreds digit of 87992533?
5
What is the millions digit of 147639602?
7
What is the hundred thousands digit of 51850886?
8
What is the billions digit of 2115509958?
2
What is the ten millions digit of 97490763?
9
What is the millions digit of 840906546?
0
What is the millions digit of 6345143668?
5
What is the thousands digit of 4885426658?
6
What is the hundred thousands digit of 608009896?
0
What is the hundred thousands digit of 1272081?
2
What is the units digit of 27626127?
7
What is the hundred thousands digit of 143826943?
8
What is the hundreds digit of 2292509023?
0
What is the thousands digit of 2903434269?
4
What is the tens digit of 3763926921?
2
What is the hundreds digit of 1367168769?
7
What is the hundreds digit of 83320099?
0
What is the hundred thousands digit of 66559333?
5
What is the ten thousands digit of 16815675?
1
What is the millions digit of 2452964973?
2
What is the thousands digit of 291558074?
8
What is the hundred millions digit of 1150168233?
1
What is the tens digit of 730913388?
8
What is the units digit of 471204253?
3
What is the ten thousands digit of 875367831?
6
What is the hundreds digit of 19032311?
3
What is the ten millions digit of 37063668?
3
What is the hundred millions digit of 126057942?
1
What is the ten thousands digit of 443424387?
2
What is the millions digit of 492082747?
2
What is the ten thousands digit of 129134256?
3
What is the units digit of 919576588?
8
What is the hundred thousands digit of 4157537739?
5
What is the hundreds digit of 2443029883?
8
What is the hundred thousands digit of 7708429?
7
What is the thousands digit of 1176844946?
4
What is the tens digit of 238689059?
5
What is the units digit of 981203841?
1
What is the hundreds digit of 4576426312?
3
What is the thousands digit of 1457534964?
4
What is the millions digit of 449422085?
9
What is the ten millions digit of 84887602?
8
What is the ten millions digit of 13635211?
1
What is the units digit of 30420095?
5
What is the units digit of 35901342?
2
What is the millions digit of 605925434?
5
What is the millions digit of 38420277?
8
What is the ten thousands digit of 849287354?
8
What is the hundred millions digit of 4151026970?
1
What is the ten millions digit of 163076728?
6
What is the tens digit of 43537766?
6
What is the hundred millions digit of 2484115257?
4
What is the hundred millions digit of 120443970?
1
What is the ten millions digit of 132228029?
3
What is the units digit of 93040954?
4
What is the hundred millions digit of 819072598?
8
What is the hundred thousands digit of 45880394?
8
What is the hundred millions digit of 303854544?
3
What is the ten millions digit of 10268677?
1
What is the tens digit of 1672647847?
4
What is the hundred thousands digit of 41342417?
3
What is the units digit of 103823564?
4
What is the thousands digit of 50432309?
2
What is the ten thousands digit of 35381619?
8
What is the tens digit of 24560508?
0
What is the tens digit of 7692336?
3
What is the thousands digit of 2486940711?
0
What is the hundreds digit of 79926131?
1
What is the ten millions digit of 262902469?
6
What is the hundred thousands digit of 503978389?
9
What is the tens digit of 593842397?
9
What is the hundred thousands digit of 362214774?
2
What is the units digit of 577619110?
0
What is the hundred thousands digit of 720485173?
4
What is the tens digit of 2413608424?
2
What is the ten thousands digit of 1725493859?
9
What is the ten millions digit of 61659859?
6
What is 